{"id":49,"date":"2024-02-08T17:25:51","date_gmt":"2024-02-08T16:25:51","guid":{"rendered":"https:\/\/regiescenik.fr\/?page_id=49"},"modified":"2025-04-07T16:03:19","modified_gmt":"2025-04-07T14:03:19","slug":"regie-generale","status":"publish","type":"page","link":"https:\/\/regiescenik.fr\/index.php\/regie-generale\/","title":{"rendered":""},"content":{"rendered":"\n<figure class=\"wp-block-image aligncenter size-full is-resized\"><img loading=\"lazy\" decoding=\"async\" width=\"1668\" height=\"198\" src=\"https:\/\/regiescenik.fr\/wp-content\/uploads\/2024\/02\/regiege.png\" alt=\"\" class=\"wp-image-345\" style=\"width:422px;height:auto\" srcset=\"https:\/\/regiescenik.fr\/wp-content\/uploads\/2024\/02\/regiege.png 1668w, https:\/\/regiescenik.fr\/wp-content\/uploads\/2024\/02\/regiege-300x36.png 300w, https:\/\/regiescenik.fr\/wp-content\/uploads\/2024\/02\/regiege-1024x122.png 1024w, https:\/\/regiescenik.fr\/wp-content\/uploads\/2024\/02\/regiege-768x91.png 768w, https:\/\/regiescenik.fr\/wp-content\/uploads\/2024\/02\/regiege-1536x182.png 1536w\" sizes=\"auto, (max-width: 1668px) 100vw, 1668px\" \/><\/figure>\n\n\n\n<p class=\"has-foreground-color has-text-color has-link-color wp-elements-ba1238313e84d32e61af7a13624464d4\"><\/p>\n\n\n\n<div id=\"metaslider-id-163\" style=\"width: 100%;\" class=\"ml-slider-3-96-0 metaslider metaslider-flex metaslider-163 ml-slider ms-theme-simply-dark has-dots-nav\" role=\"region\" aria-roledescription=\"Slideshow\" aria-label=\"r\u00e9gie g\u00e9 et tech 1\">\n    <div id=\"metaslider_container_163\">\n        <div id=\"metaslider_163\">\n            <ul class='slides'>\n                <li style=\"display: block; width: 100%;\" class=\"slide-165 ms-image \" aria-roledescription=\"slide\" aria-label=\"slide-165\" data-date=\"2025-03-10 10:52:10\"><img loading=\"lazy\" decoding=\"async\" src=\"https:\/\/regiescenik.fr\/wp-content\/uploads\/2025\/03\/67467412_448193665773363_7809077832138620928_n-700x400.jpg\" height=\"400\" width=\"700\" alt=\"\" class=\"slider-163 slide-165\" title=\"67467412_448193665773363_7809077832138620928_n\" \/><\/li>\n                <li style=\"display: none; width: 100%;\" class=\"slide-166 ms-image \" aria-roledescription=\"slide\" aria-label=\"slide-166\" data-date=\"2025-03-10 10:52:16\"><img loading=\"lazy\" decoding=\"async\" src=\"https:\/\/regiescenik.fr\/wp-content\/uploads\/2025\/03\/423062597_392271823351687_5536905012618131682_n-700x400.jpg\" height=\"400\" width=\"700\" alt=\"\" class=\"slider-163 slide-166\" title=\"423062597_392271823351687_5536905012618131682_n\" \/><\/li>\n                <li style=\"display: none; width: 100%;\" class=\"slide-167 ms-image \" aria-roledescription=\"slide\" aria-label=\"slide-167\" data-date=\"2025-03-10 10:52:21\"><img loading=\"lazy\" decoding=\"async\" src=\"https:\/\/regiescenik.fr\/wp-content\/uploads\/2025\/03\/70196673_2467017800289331_4040656123420737536_n-700x400.jpg\" height=\"400\" width=\"700\" alt=\"\" class=\"slider-163 slide-167\" title=\"70196673_2467017800289331_4040656123420737536_n\" \/><\/li>\n                <li style=\"display: none; width: 100%;\" class=\"slide-168 ms-image \" aria-roledescription=\"slide\" aria-label=\"slide-168\" data-date=\"2025-03-10 10:53:20\"><img loading=\"lazy\" decoding=\"async\" src=\"https:\/\/regiescenik.fr\/wp-content\/uploads\/2024\/02\/423422762_770080138331693_5752961652346857646_n-700x400.jpg\" height=\"400\" width=\"700\" alt=\"\" class=\"slider-163 slide-168\" title=\"423422762_770080138331693_5752961652346857646_n\" \/><\/li>\n                <li style=\"display: none; width: 100%;\" class=\"slide-442 ms-image \" aria-roledescription=\"slide\" aria-label=\"slide-442\" data-date=\"2025-04-07 14:25:48\"><img loading=\"lazy\" decoding=\"async\" src=\"https:\/\/regiescenik.fr\/wp-content\/uploads\/2024\/02\/290282547_5397501950288733_7593154799987238117_n-700x400.jpg\" height=\"400\" width=\"700\" alt=\"\" class=\"slider-163 slide-442\" \/><\/li>\n                <li style=\"display: none; width: 100%;\" class=\"slide-443 ms-image \" aria-roledescription=\"slide\" aria-label=\"slide-443\" data-date=\"2025-04-07 14:25:52\"><img loading=\"lazy\" decoding=\"async\" src=\"https:\/\/regiescenik.fr\/wp-content\/uploads\/2024\/02\/290460248_5399296720109256_2305294525588349114_n-700x400.jpg\" height=\"400\" width=\"700\" alt=\"\" class=\"slider-163 slide-443\" \/><\/li>\n                <li style=\"display: none; width: 100%;\" class=\"slide-444 ms-image \" aria-roledescription=\"slide\" aria-label=\"slide-444\" data-date=\"2025-04-07 14:25:55\"><img loading=\"lazy\" decoding=\"async\" src=\"https:\/\/regiescenik.fr\/wp-content\/uploads\/2024\/02\/290464430_5397502203622041_3774039795203824390_n-700x400.jpg\" height=\"400\" width=\"700\" alt=\"\" class=\"slider-163 slide-444\" title=\"290464430_5397502203622041_3774039795203824390_n\" \/><\/li>\n                <li style=\"display: none; width: 100%;\" class=\"slide-445 ms-image \" aria-roledescription=\"slide\" aria-label=\"slide-445\" data-date=\"2025-04-07 14:26:00\"><img loading=\"lazy\" decoding=\"async\" src=\"https:\/\/regiescenik.fr\/wp-content\/uploads\/2024\/02\/69840349_2467013633623081_7258599823794765824_n-700x400.jpg\" height=\"400\" width=\"700\" alt=\"\" class=\"slider-163 slide-445\" \/><\/li>\n                <li style=\"display: none; width: 100%;\" class=\"slide-446 ms-image \" aria-roledescription=\"slide\" aria-label=\"slide-446\" data-date=\"2025-04-07 14:26:03\"><img loading=\"lazy\" decoding=\"async\" src=\"https:\/\/regiescenik.fr\/wp-content\/uploads\/2024\/02\/35077596_1126633464188194_7219417953844854784_n-700x400.jpg\" height=\"400\" width=\"700\" alt=\"\" class=\"slider-163 slide-446\" title=\"Scene1\" \/><\/li>\n                <li style=\"display: none; width: 100%;\" class=\"slide-447 ms-image \" aria-roledescription=\"slide\" aria-label=\"slide-447\" data-date=\"2025-04-07 14:26:07\"><img loading=\"lazy\" decoding=\"async\" src=\"https:\/\/regiescenik.fr\/wp-content\/uploads\/2024\/02\/10669144_10152919776794921_2931218159957781978_o-700x400.jpg\" height=\"400\" width=\"700\" alt=\"\" class=\"slider-163 slide-447\" title=\"10669144_10152919776794921_2931218159957781978_o\" \/><\/li>\n                <li style=\"display: none; width: 100%;\" class=\"slide-448 ms-image \" aria-roledescription=\"slide\" aria-label=\"slide-448\" data-date=\"2025-04-07 14:26:10\"><img loading=\"lazy\" decoding=\"async\" src=\"https:\/\/regiescenik.fr\/wp-content\/uploads\/2024\/02\/486753_10151183749394921_1908498364_n-700x400.jpg\" height=\"400\" width=\"700\" alt=\"\" class=\"slider-163 slide-448\" title=\"486753_10151183749394921_1908498364_n\" \/><\/li>\n            <\/ul>\n        <\/div>\n        \n    <\/div>\n<\/div>\n\n\n\n<figure class=\"wp-block-image aligncenter size-full is-resized\"><img loading=\"lazy\" decoding=\"async\" width=\"800\" height=\"2000\" src=\"https:\/\/regiescenik.fr\/wp-content\/uploads\/2025\/04\/1-2.png\" alt=\"\" class=\"wp-image-487\" style=\"width:504px;height:auto\" srcset=\"https:\/\/regiescenik.fr\/wp-content\/uploads\/2025\/04\/1-2.png 800w, https:\/\/regiescenik.fr\/wp-content\/uploads\/2025\/04\/1-2-120x300.png 120w, https:\/\/regiescenik.fr\/wp-content\/uploads\/2025\/04\/1-2-410x1024.png 410w, https:\/\/regiescenik.fr\/wp-content\/uploads\/2025\/04\/1-2-768x1920.png 768w, https:\/\/regiescenik.fr\/wp-content\/uploads\/2025\/04\/1-2-614x1536.png 614w\" sizes=\"auto, (max-width: 800px) 100vw, 800px\" \/><\/figure>\n\n\n\n<p class=\"has-text-align-center has-foreground-color has-text-color has-link-color has-large-font-size wp-elements-7bf8d9f92ea15a1b609597c5b7013268\"><strong>Nous y \u00e9tions :<\/strong><\/p>\n\n\n\n<div class=\"wp-block-columns is-layout-flex wp-container-core-columns-is-layout-28f84493 wp-block-columns-is-layout-flex\">\n<div class=\"wp-block-column is-layout-flow wp-block-column-is-layout-flow\" style=\"flex-basis:100%\">\n<div class=\"wp-block-columns is-layout-flex wp-container-core-columns-is-layout-28f84493 wp-block-columns-is-layout-flex\">\n<div class=\"wp-block-column is-layout-flow wp-block-column-is-layout-flow\"><div id=\"metaslider-id-297\" style=\"width: 100%;\" class=\"ml-slider-3-96-0 metaslider metaslider-flex metaslider-297 ml-slider ms-theme-default-base has-carousel-mode has-dots-nav has-carousel-mode has-dots-nav\" role=\"region\" aria-roledescription=\"Slideshow\" aria-label=\"regie g\u00e9 et r\u00e9gie tech\">\n    <div id=\"metaslider_container_297\">\n        <div id=\"metaslider_297\">\n            <ul class='slides'>\n                <li style=\"display: none; width: 100%;\" class=\"slide-303 ms-image \" aria-roledescription=\"slide\" aria-label=\"slide-303\" data-date=\"2025-03-29 10:37:03\"><img loading=\"lazy\" decoding=\"async\" width=\"1569\" height=\"2168\" src=\"https:\/\/regiescenik.fr\/wp-content\/uploads\/2025\/03\/6165490dd038097fa0f6a701_affiche-l-horizon-fait-mur-2022-1.jpg\" class=\"slider-297 slide-303\" alt=\"\" rel=\"\" title=\"L&#039;Horizon Fait le Mur\" style=\"margin-top: 0.91140854047164%\" srcset=\"https:\/\/regiescenik.fr\/wp-content\/uploads\/2025\/03\/6165490dd038097fa0f6a701_affiche-l-horizon-fait-mur-2022-1.jpg 1569w, https:\/\/regiescenik.fr\/wp-content\/uploads\/2025\/03\/6165490dd038097fa0f6a701_affiche-l-horizon-fait-mur-2022-1-217x300.jpg 217w, https:\/\/regiescenik.fr\/wp-content\/uploads\/2025\/03\/6165490dd038097fa0f6a701_affiche-l-horizon-fait-mur-2022-1-741x1024.jpg 741w, https:\/\/regiescenik.fr\/wp-content\/uploads\/2025\/03\/6165490dd038097fa0f6a701_affiche-l-horizon-fait-mur-2022-1-768x1061.jpg 768w, https:\/\/regiescenik.fr\/wp-content\/uploads\/2025\/03\/6165490dd038097fa0f6a701_affiche-l-horizon-fait-mur-2022-1-1112x1536.jpg 1112w, https:\/\/regiescenik.fr\/wp-content\/uploads\/2025\/03\/6165490dd038097fa0f6a701_affiche-l-horizon-fait-mur-2022-1-1482x2048.jpg 1482w\" sizes=\"auto, (max-width: 1569px) 100vw, 1569px\" \/><\/li>\n                <li style=\"display: none; width: 100%;\" class=\"slide-301 ms-image \" aria-roledescription=\"slide\" aria-label=\"slide-301\" data-date=\"2025-03-29 10:37:03\"><img loading=\"lazy\" decoding=\"async\" width=\"350\" height=\"510\" src=\"https:\/\/regiescenik.fr\/wp-content\/uploads\/2025\/03\/TB1.jpg\" class=\"slider-297 slide-301\" alt=\"\" rel=\"\" title=\"Tonnay Bon\" style=\"margin: 0 auto; width: 96.078431372549%\" srcset=\"https:\/\/regiescenik.fr\/wp-content\/uploads\/2025\/03\/TB1.jpg 350w, https:\/\/regiescenik.fr\/wp-content\/uploads\/2025\/03\/TB1-206x300.jpg 206w\" sizes=\"auto, (max-width: 350px) 100vw, 350px\" \/><\/li>\n                <li style=\"display: none; width: 100%;\" class=\"slide-312 ms-image \" aria-roledescription=\"slide\" aria-label=\"slide-312\" data-date=\"2025-03-29 10:42:13\"><img loading=\"lazy\" decoding=\"async\" width=\"362\" height=\"512\" src=\"https:\/\/regiescenik.fr\/wp-content\/uploads\/2025\/03\/Free-Music.jpg\" class=\"slider-297 slide-312\" alt=\"\" rel=\"\" title=\"Free Music\" style=\"margin: 0 auto; width: 98.984375%\" srcset=\"https:\/\/regiescenik.fr\/wp-content\/uploads\/2025\/03\/Free-Music.jpg 362w, https:\/\/regiescenik.fr\/wp-content\/uploads\/2025\/03\/Free-Music-212x300.jpg 212w\" sizes=\"auto, (max-width: 362px) 100vw, 362px\" \/><\/li>\n                <li style=\"display: none; width: 100%;\" class=\"slide-305 ms-image \" aria-roledescription=\"slide\" aria-label=\"slide-305\" data-date=\"2025-03-29 10:37:03\"><img loading=\"lazy\" decoding=\"async\" width=\"454\" height=\"567\" src=\"https:\/\/regiescenik.fr\/wp-content\/uploads\/2025\/03\/20241218-181447-477884-1.png\" class=\"slider-297 slide-305\" alt=\"\" rel=\"\" title=\"Tonnay Bon - Timeless\" style=\"margin-top: 7.5550660792951%\" srcset=\"https:\/\/regiescenik.fr\/wp-content\/uploads\/2025\/03\/20241218-181447-477884-1.png 454w, https:\/\/regiescenik.fr\/wp-content\/uploads\/2025\/03\/20241218-181447-477884-1-240x300.png 240w\" sizes=\"auto, (max-width: 454px) 100vw, 454px\" \/><\/li>\n                <li style=\"display: none; width: 100%;\" class=\"slide-304 ms-image \" aria-roledescription=\"slide\" aria-label=\"slide-304\" data-date=\"2025-03-29 10:37:03\"><img loading=\"lazy\" decoding=\"async\" width=\"567\" height=\"802\" src=\"https:\/\/regiescenik.fr\/wp-content\/uploads\/2025\/03\/V62702WEB-1.jpg\" class=\"slider-297 slide-304\" alt=\"\" rel=\"\" title=\"Tribal Elek\" style=\"margin: 0 auto; width: 98.977556109726%\" srcset=\"https:\/\/regiescenik.fr\/wp-content\/uploads\/2025\/03\/V62702WEB-1.jpg 567w, https:\/\/regiescenik.fr\/wp-content\/uploads\/2025\/03\/V62702WEB-1-212x300.jpg 212w\" sizes=\"auto, (max-width: 567px) 100vw, 567px\" \/><\/li>\n                <li style=\"display: none; width: 100%;\" class=\"slide-302 ms-image \" aria-roledescription=\"slide\" aria-label=\"slide-302\" data-date=\"2025-03-29 10:37:03\"><img loading=\"lazy\" decoding=\"async\" width=\"612\" height=\"858\" src=\"https:\/\/regiescenik.fr\/wp-content\/uploads\/2025\/03\/les_fous_caves_2022-1.jpg\" class=\"slider-297 slide-302\" alt=\"\" rel=\"\" title=\"Les Fous Cav\u00e9s\" style=\"margin: 0 auto; width: 99.86013986014%\" srcset=\"https:\/\/regiescenik.fr\/wp-content\/uploads\/2025\/03\/les_fous_caves_2022-1.jpg 612w, https:\/\/regiescenik.fr\/wp-content\/uploads\/2025\/03\/les_fous_caves_2022-1-214x300.jpg 214w\" sizes=\"auto, (max-width: 612px) 100vw, 612px\" \/><\/li>\n                <li style=\"display: none; width: 100%;\" class=\"slide-307 ms-image \" aria-roledescription=\"slide\" aria-label=\"slide-307\" data-date=\"2025-03-29 10:37:03\"><img loading=\"lazy\" decoding=\"async\" width=\"188\" height=\"269\" src=\"https:\/\/regiescenik.fr\/wp-content\/uploads\/2025\/03\/BP1.jpg\" class=\"slider-297 slide-307\" alt=\"\" rel=\"\" title=\"Blues Passion\" style=\"margin: 0 auto; width: 97.843866171004%\" \/><\/li>\n                <li style=\"display: none; width: 100%;\" class=\"slide-308 ms-image \" aria-roledescription=\"slide\" aria-label=\"slide-308\" data-date=\"2025-03-29 10:37:03\"><img loading=\"lazy\" decoding=\"async\" width=\"350\" height=\"510\" src=\"https:\/\/regiescenik.fr\/wp-content\/uploads\/2025\/03\/TB2.jpg\" class=\"slider-297 slide-308\" alt=\"\" rel=\"\" title=\"Tonnay Bon\" style=\"margin: 0 auto; width: 96.078431372549%\" srcset=\"https:\/\/regiescenik.fr\/wp-content\/uploads\/2025\/03\/TB2.jpg 350w, https:\/\/regiescenik.fr\/wp-content\/uploads\/2025\/03\/TB2-206x300.jpg 206w\" sizes=\"auto, (max-width: 350px) 100vw, 350px\" \/><\/li>\n                <li style=\"display: none; width: 100%;\" class=\"slide-310 ms-image \" aria-roledescription=\"slide\" aria-label=\"slide-310\" data-date=\"2025-03-29 10:37:34\"><img loading=\"lazy\" decoding=\"async\" width=\"184\" height=\"274\" src=\"https:\/\/regiescenik.fr\/wp-content\/uploads\/2025\/03\/Notes-en-vert.jpg\" class=\"slider-297 slide-310\" alt=\"\" rel=\"\" title=\"Notes en vert\" style=\"margin: 0 auto; width: 94.014598540146%\" \/><\/li>\n            <\/ul>\n        <\/div>\n        \n    <\/div>\n<\/div>\n<\/div>\n<\/div>\n<\/div>\n<\/div>\n\n\n\n<p class=\"has-background-color has-foreground-background-color has-text-color has-background has-link-color wp-elements-552fa16d0e38820d38ee2b15f968f3d3\" id=\"regiescenik@gmail.com\">Pour toute prise de contact avec R\u00e9gie Scenik, n&#8217;h\u00e9sitez pas \u00e0 envoyer un mail \u00e0 <strong><a href=\"mailto:regiescenik@gmail.com\">regiescenik@gmail.com<\/a><\/strong> ou \u00e0 appeler au 06.89.80.60.22<\/p>\n\n\n\n<ul class=\"wp-block-social-links has-huge-icon-size has-icon-color has-icon-background-color is-content-justification-center is-layout-flex wp-container-core-social-links-is-layout-a89b3969 wp-block-social-links-is-layout-flex\"><li style=\"color:var(--wp--preset--color--foreground);background-color:var(--wp--preset--color--background);\" class=\"wp-social-link wp-social-link-facebook has-foreground-color has-background-background-color wp-block-social-link\"><a href=\"https:\/\/www.facebook.com\/regiescenik\" class=\"wp-block-social-link-anchor\"><svg width=\"24\" height=\"24\" viewBox=\"0 0 24 24\" version=\"1.1\" xmlns=\"http:\/\/www.w3.org\/2000\/svg\" aria-hidden=\"true\" focusable=\"false\"><path d=\"M12 2C6.5 2 2 6.5 2 12c0 5 3.7 9.1 8.4 9.9v-7H7.9V12h2.5V9.8c0-2.5 1.5-3.9 3.8-3.9 1.1 0 2.2.2 2.2.2v2.5h-1.3c-1.2 0-1.6.8-1.6 1.6V12h2.8l-.4 2.9h-2.3v7C18.3 21.1 22 17 22 12c0-5.5-4.5-10-10-10z\"><\/path><\/svg><span class=\"wp-block-social-link-label screen-reader-text\">Facebook<\/span><\/a><\/li>\n\n<li style=\"color:var(--wp--preset--color--foreground);background-color:var(--wp--preset--color--background);\" class=\"wp-social-link wp-social-link-mail has-foreground-color has-background-background-color wp-block-social-link\"><a href=\"mailto:&#035;&#114;&#101;&#103;i&#101;&#115;cen&#105;k&#064;gma&#105;l&#046;c&#111;m\" class=\"wp-block-social-link-anchor\"><svg width=\"24\" height=\"24\" viewBox=\"0 0 24 24\" version=\"1.1\" xmlns=\"http:\/\/www.w3.org\/2000\/svg\" aria-hidden=\"true\" focusable=\"false\"><path d=\"M19,5H5c-1.1,0-2,.9-2,2v10c0,1.1.9,2,2,2h14c1.1,0,2-.9,2-2V7c0-1.1-.9-2-2-2zm.5,12c0,.3-.2.5-.5.5H5c-.3,0-.5-.2-.5-.5V9.8l7.5,5.6,7.5-5.6V17zm0-9.1L12,13.6,4.5,7.9V7c0-.3.2-.5.5-.5h14c.3,0,.5.2.5.5v.9z\"><\/path><\/svg><span class=\"wp-block-social-link-label screen-reader-text\">E-mail<\/span><\/a><\/li>\n\n<li style=\"color:var(--wp--preset--color--foreground);background-color:var(--wp--preset--color--background);\" class=\"wp-social-link wp-social-link-whatsapp has-foreground-color has-background-background-color wp-block-social-link\"><a href=\"https:\/\/0689806022\" class=\"wp-block-social-link-anchor\"><svg width=\"24\" height=\"24\" viewBox=\"0 0 24 24\" version=\"1.1\" xmlns=\"http:\/\/www.w3.org\/2000\/svg\" aria-hidden=\"true\" focusable=\"false\"><path d=\"M 12.011719 2 C 6.5057187 2 2.0234844 6.478375 2.0214844 11.984375 C 2.0204844 13.744375 2.4814687 15.462563 3.3554688 16.976562 L 2 22 L 7.2324219 20.763672 C 8.6914219 21.559672 10.333859 21.977516 12.005859 21.978516 L 12.009766 21.978516 C 17.514766 21.978516 21.995047 17.499141 21.998047 11.994141 C 22.000047 9.3251406 20.962172 6.8157344 19.076172 4.9277344 C 17.190172 3.0407344 14.683719 2.001 12.011719 2 z M 12.009766 4 C 14.145766 4.001 16.153109 4.8337969 17.662109 6.3417969 C 19.171109 7.8517969 20.000047 9.8581875 19.998047 11.992188 C 19.996047 16.396187 16.413812 19.978516 12.007812 19.978516 C 10.674812 19.977516 9.3544062 19.642812 8.1914062 19.007812 L 7.5175781 18.640625 L 6.7734375 18.816406 L 4.8046875 19.28125 L 5.2851562 17.496094 L 5.5019531 16.695312 L 5.0878906 15.976562 C 4.3898906 14.768562 4.0204844 13.387375 4.0214844 11.984375 C 4.0234844 7.582375 7.6067656 4 12.009766 4 z M 8.4765625 7.375 C 8.3095625 7.375 8.0395469 7.4375 7.8105469 7.6875 C 7.5815469 7.9365 6.9355469 8.5395781 6.9355469 9.7675781 C 6.9355469 10.995578 7.8300781 12.182609 7.9550781 12.349609 C 8.0790781 12.515609 9.68175 15.115234 12.21875 16.115234 C 14.32675 16.946234 14.754891 16.782234 15.212891 16.740234 C 15.670891 16.699234 16.690438 16.137687 16.898438 15.554688 C 17.106437 14.971687 17.106922 14.470187 17.044922 14.367188 C 16.982922 14.263188 16.816406 14.201172 16.566406 14.076172 C 16.317406 13.951172 15.090328 13.348625 14.861328 13.265625 C 14.632328 13.182625 14.464828 13.140625 14.298828 13.390625 C 14.132828 13.640625 13.655766 14.201187 13.509766 14.367188 C 13.363766 14.534188 13.21875 14.556641 12.96875 14.431641 C 12.71875 14.305641 11.914938 14.041406 10.960938 13.191406 C 10.218937 12.530406 9.7182656 11.714844 9.5722656 11.464844 C 9.4272656 11.215844 9.5585938 11.079078 9.6835938 10.955078 C 9.7955938 10.843078 9.9316406 10.663578 10.056641 10.517578 C 10.180641 10.371578 10.223641 10.267562 10.306641 10.101562 C 10.389641 9.9355625 10.347156 9.7890625 10.285156 9.6640625 C 10.223156 9.5390625 9.737625 8.3065 9.515625 7.8125 C 9.328625 7.3975 9.131125 7.3878594 8.953125 7.3808594 C 8.808125 7.3748594 8.6425625 7.375 8.4765625 7.375 z\"><\/path><\/svg><span class=\"wp-block-social-link-label screen-reader-text\">06.89.80.60.22<\/span><\/a><\/li><\/ul>\n\n\n\n<figure class=\"wp-block-pullquote has-foreground-color has-background-background-color has-text-color has-background has-link-color has-medium-font-size wp-elements-2f3d0f48c78db890a7af2847fbaa01cf\" style=\"margin-top:0;margin-bottom:0;padding-top:var(--wp--preset--spacing--30);padding-right:0;padding-bottom:var(--wp--preset--spacing--30);padding-left:0\"><blockquote><p><strong>REGIE SCENIK <\/strong><br>5 rue basse 17170 COURCON<\/p><cite>SIRET N\u00b051516508200025<\/cite><\/blockquote><\/figure>\n\n\n\n<p><\/p>\n","protected":false},"excerpt":{"rendered":"<p>Nous y \u00e9tions : Pour toute prise de contact avec R\u00e9gie Scenik, n&#8217;h\u00e9sitez pas \u00e0 envoyer un mail \u00e0 regiescenik@gmail.com ou \u00e0 appeler au 06.89.80.60.22 REGIE SCENIK 5 rue basse 17170 COURCON SIRET N\u00b051516508200025<\/p>\n","protected":false},"author":1,"featured_media":144,"parent":0,"menu_order":0,"comment_status":"closed","ping_status":"closed","template":"","meta":{"_eb_attr":"","footnotes":""},"class_list":["post-49","page","type-page","status-publish","has-post-thumbnail","hentry"],"_links":{"self":[{"href":"https:\/\/regiescenik.fr\/index.php\/wp-json\/wp\/v2\/pages\/49","targetHints":{"allow":["GET"]}}],"collection":[{"href":"https:\/\/regiescenik.fr\/index.php\/wp-json\/wp\/v2\/pages"}],"about":[{"href":"https:\/\/regiescenik.fr\/index.php\/wp-json\/wp\/v2\/types\/page"}],"author":[{"embeddable":true,"href":"https:\/\/regiescenik.fr\/index.php\/wp-json\/wp\/v2\/users\/1"}],"replies":[{"embeddable":true,"href":"https:\/\/regiescenik.fr\/index.php\/wp-json\/wp\/v2\/comments?post=49"}],"version-history":[{"count":55,"href":"https:\/\/regiescenik.fr\/index.php\/wp-json\/wp\/v2\/pages\/49\/revisions"}],"predecessor-version":[{"id":488,"href":"https:\/\/regiescenik.fr\/index.php\/wp-json\/wp\/v2\/pages\/49\/revisions\/488"}],"wp:featuredmedia":[{"embeddable":true,"href":"https:\/\/regiescenik.fr\/index.php\/wp-json\/wp\/v2\/media\/144"}],"wp:attachment":[{"href":"https:\/\/regiescenik.fr\/index.php\/wp-json\/wp\/v2\/media?parent=49"}],"curies":[{"name":"wp","href":"https:\/\/api.w.org\/{rel}","templated":true}]}}